illions digit of 212257631?
2
What is the ten millions digit of 1039227464?
3
What is the ten thousands digit of 5467969494?
6
What is the units digit of 425012701?
1
What is the ten millions digit of 578864274?
7
What is the thousands digit of 3667994534?
4
What is the hundred millions digit of 1151103706?
1
What is the hundred millions digit of 139803041?
1
What is the ten thousands digit of 3205270394?
7
What is the thousands digit of 13986831?
6
What is the tens digit of 3182409913?
1
What is the millions digit of 14995306?
4
What is the ten millions digit of 22176741?
2
What is the millions digit of 459768679?
9
What is the billions digit of 3947347232?
3
What is the ten millions digit of 981214046?
8
What is the ten millions digit of 262204056?
6
What is the hundreds digit of 97063723?
7
What is the hundred thousands digit of 515216609?
2
What is the units digit of 28730028?
8
What is the hundred thousands digit of 7537485684?
4
What is the thousands digit of 2493997438?
7
What is the thousands digit of 31872984?
2
What is the thousands digit of 152742956?
2
What is the hundred thousands digit of 45450312?
4
What is the ten millions digit of 3555080863?
5
What is the millions digit of 1723606576?
3
What is the ten thousands digit of 2290123668?
2
What is the hundred thousands digit of 558889658?
8
What is the billions digit of 1151031984?
1
What is the ten millions digit of 5522438065?
2
What is the units digit of 3909098?
8
What is the tens digit of 1162074229?
2
What is the hundred thousands digit of 31603721?
6
What is the thousands digit of 302483043?
3
What is the hundreds digit of 46152360?
3
What is the hundred millions digit of 885447659?
8
What is the millions digit of 53302507?
3
What is the ten thousands digit of 363998814?
9
What is the billions digit of 2441519547?
2
What is the ten thousands digit of 143840271?
4
What is the tens digit of 1012592715?
1
What is the units digit of 116073510?
0
What is the ten thousands digit of 48161344?
6
What is the hundred thousands digit of 33538047?
5
What is the hundreds digit of 181614296?
2
What is the ten millions digit of 59456529?
5
What is the tens digit of 113967687?
8
What is the hundreds digit of 705638015?
0
What is the units digit of 269993887?
7
What is the hundreds digit of 7000726?
7
What is the hundred thousands digit of 4283683965?
6
What is the millions digit of 445261076?
5
What is the hundreds digit of 809282824?
8
What is the tens digit of 61077270?
7
What is the ten millions digit of 88442797?
8
What is the thousands digit of 63013775?
3
What is the units digit of 19771815?
5
What is the ten millions digit of 855484408?
5
What is the hundred thousands digit of 464629604?
6
What is the ten millions digit of 20884885?
2
What is the thousands digit of 21834371?
4
What is the ten thousands digit of 122511589?
1
What is the ten millions digit of 1196996325?
9
What is the billions digit of 2659236179?
2
What is the millions digit of 2225845303?
5
What is the thousands digit of 38055211?
5
What is the thousands digit of 1289378730?
8
What is the ten millions digit of 36305929?
3
What is the ten thousands digit of 65323874?
2
What is the units digit of 6864852?
2
What is the hundreds digit of 865029476?
4
What is the ten thousands digit of 25741184?
4
What is the hundred millions digit of 259655954?
2
What is the hundred millions digit of 630445613?
6
What is the ten millions digit of 76119698?
7
What is the units digit of 930783760?
0
What is the tens digit of 297970328?
2
What is the hundreds digit of 62739469?
4
What is the hundred thousands digit of 23859418?
8
What is the hundred thousands digit of 4901449407?
4
What is the ten millions digit of 1496614929?
9
What is the units digit of 12433688?
8
What is the ten millions digit of 1388889909?
8
What is the thousands digit of 33921764?
1
What is the ten millions digit of 96420187?
9
What is the ten millions digit of 26293172?
2
What is the thousands digit of 183864993?
4
What is the hundred thousands digit of 165142663?
1
What is the hundred millions digit of 824354928?
8
What is the thousands digit of 2517659300?
9
What is the hundred thousands digit of 35817532?
8
What is the hundred thousands digit of 306620727?
6
What is the hundred thousands digit of 45917502?
9
What is the millions digit of 10315312?
0
What is the hundreds digit of 6506264188?
1
What is the ten thousands digit of 2221271087?
7
What is the ten millions digit of 89143486?
8
What is the tens digit of 459725039?
3
What is the hundreds digit of 802686292?
2
What is the ten thousands digit of 28035998?
3
What is the millions digit of 531372564?
1
What is the hundred millions digit of 1668835295?
6
What is the hundreds digit of 14564922?
9
What is the hundred thousands digit of 2672454140?
4
What is the hundreds digit of 705168362?
3
What is the hundreds digit of 76180864?
8
What is the ten millions digit of 143975905?
4
What is the ten millions digit of 183964894?
8
What is the hundred thousands digit of 324373731?
3
What is the ten thousands digit of 577096095?
9
What is the thousands digit of 28803457?
3
What is the billions digit of 2376306697?
2
What is the thousands digit of 50189758?
9
What is the ten millions digit of 156451341?
5
What is the hundreds digit of 3193443909?
9
What is the ten millions digit of 38095181?
3
What is the units digit of 328348735?
5
What is the thousands digit of 316878392?
8
What is the hundreds digit of 73606673?
6
What is the ten millions digit of 552348448?
5
What is the tens digit of 4359791652?
5
What is the ten millions digit of 589968115?
8
What is the ten millions digit of 60404825?
6
What is the units digit of 11100710?
0
What is the hundred millions digit of 849290056?
8
What is the thousands digit of 95498514?
8
What is the ten thousands digit of 2187283531?
8
What is the millions digit of 5272511562?
2
What is the ten millions digit of 55663420?
5
What is the hundred thousands digit of 202676989?
6
What is the units digit of 299204031?
1
What is the thousands digit of 145546723?
6
What is the hundred millions digit of 460700302?
4
What is the hundred thousands digit of 16137848?
1
What is the hundred millions digit of 201769424?
2
What is the ten millions digit of 254839452?
5
What is the units digit of 354531133?
3
What is the ten millions digit of 390717184?
9
What is the hundred thousands digit of 7630567807?
5
What is the ten thousands digit of 124945559?
4
What is the ten thousands digit of 56409028?
0
What is the ten millions digit of 627236191?
2
What is the units digit of 242917853?
3
What is the thousands digit of 84956995?
6
What is the millions digit of 59234104?
9
What is the hundreds digit of 60890143?
1
What is the hundred thousands digit of 2730234995?
2
What is the hundred millions digit of 414589511?
4
What is the hundreds digit of 849246586?
5
What is the tens digit of 197959348?
4
What is the hundreds digit of 66939528?
5
What is the ten thousands digit of 5076759366?
5
What is the ten thousands digit of 287960214?
6
What is the ten thousands digit of 791405813?
0
What is the hundred millions digit of 1010115187?
0
What is the thousands digit of 74467220?
7
What is the units digit of 44068560?
0
What is the thousands digit of 36478152?
8
What is the units digit of 5255351111?
1
What is the ten thousands digit of 3356639525?
3
What is the tens digit of 181637535?
3
What is the hundred thousands digit of 64463662?
4
What is the hundred millions digit of 3649498293?
6
What is the thousands digit of 172615581?
5
What is the hundred thousands digit of 23089347?
0
What is the billions digit of 1682931095?
1
What is the thousands digit of 334275641?
5
What is the ten thousands digit of 25311462?
1
What is the hundred millions digit of 109786030?
1
What is the hundreds digit of 54965719?
7
What is the hundred millions digit of 535915840?
5
What is the hundred millions digit of 117505189?
1
What is the hundreds digit of 285932929?
9
What is the millions digit of 254467848?
4
What is the ten thousands digit of 10944427?
4
What is the ten thousands digit of 3704568320?
6
What is the hundreds digit of 294505281?
2
What is the tens digit of 104291799?
9
What is the millions digit of 49826500?
9
Wh